 y be n(-7). Let q(t) = -t + 1. Give q(y).
5
Let t(i) be the third derivative of i**4/8 + i**3/6 - 5*i**2 - 14*i + 5. Determine t(-1).
-2
Let s(q) be the first derivative of -q**7/840 - q**6/72 + 3*q**5/40 + 7*q**4/24 + 49*q**3/3 - 53. Let f(l) be the third derivative of s(l). Determine f(-6).
-11
Let a be (5*(-6)/(-60))/((-1)/(-4)). Let j(s) = 10*s**2 - 3*s**2 - s**a - 7*s**2 - s - s**3 - 2. Let q = -20 + 20. Give j(q).
-2
Let h(p) = -4*p**3 + p**2. Let y(a) = 40*a - 41. Let g(j) = -j**3 - 6*j**2 + 40*j + 1. Let l be g(-10). Let v be y(l). Calculate h(v).
5
Let o(s) be the first derivative of 0*s**3 + 0*s + 1/2*s**2 + 1/8*s**4 + 1/40*s**6 - 11 + 1/20*s**5. Let b(t) be the second derivative of o(t). Calculate b(-2).
-18
Let u(t) be the first derivative of 10 + 13/2*t**2 - 57*t. Let b(x) = -3*x + 14. Let o(g) = -9*b(g) - 2*u(g). Calculate o(8).
-4
Let a(w) = 13*w + 356. Let d(v) = 4*v + 124. Let o(b) = -6*a(b) + 17*d(b). What is o(-20)?
172
Let z(r) = 24*r**3 - 60*r**2 - 2*r - 15. Let f(m) = 11*m**3 - 29*m**2 - 2*m - 7. Let l(a) = -7*f(a) + 3*z(a). Give l(5).
-6
Let r(h) = 82*h - 2 + h**3 + 14*h**2 - 96*h + 28 - 6. Determine r(-15).
5
Let g(j) = -252*j - 20 - 88*j - 3*j**2 - 88*j + 408*j. Give g(-1).
-3
Let q(l) = -2*l - 4*l - 8 + l**3 + 3 + 4*l**2. Let a(t) = 5*t**2 - 23*t - 91. Let d be a(-5). Let b = 144 - d. Calculate q(b).
0
Let o be 1/(-5) - 93/(-15). Suppose -3*b + o = -3. Let g(l) = -b*l + l + l. Calculate g(-7).
7
Let x(d) = d**2 - 10*d + 9. Let v(l) = l - 1. Suppose -5*b = 2*p - 108, -3*b + 5*p + 31 = -9. Let c be -1*5/b*4. Let g(w) = c*x(w) - 6*v(w). Give g(3).
0
Let u(z) = -4*z + 28. Suppose 0 = 5*p + 64*p - 621. Determine u(p).
-8
Let h be ((-3)/(-18))/(-1 - 14/(-12)). Let j be (-2 + 0 + 4)*h. Suppose -j*n = -5*p - 34, 0*p + n = -4*p - 22. Let u(t) = -t**2 - 4*t + 3. Determine u(p).
-9
Let t(b) = 6 - b**3 + 333*b**2 - 5*b - 327*b**2 - 17*b + 14*b. Determine t(5).
-9
Let f(b) = -2*b - 32. Let t = -30622 - -30599. What is f(t)?
14
Let d(c) = 7*c**2 - 3*c + 3. Let q(i) = 8*i**2 - 2*i + 4. Let w(s) = 5*d(s) - 4*q(s). Let v be w(3). Let j(f) = -7*f - f + v*f. Determine j(-1).
3
Let y = -306 + 308. Let q(t) = -7*t - 8*t**y + 2*t**3 + 3*t**3 + 16*t**2 - 6*t**3 + 7. What is q(7)?
7
Suppose -5 = -2*h - 3*f, -358*f - 15 = -363*f. Let u(r) = -5*r**3 - 4*r**2 - r + 2. Give u(h).
28
Let a(h) = -h**3 + 4*h**2 - 4*h + 4. Let d(b) be the second derivative of 7*b**3/6 - 26*b**2 - 20*b + 2. Let r be d(8). Determine a(r).
-12
Let x = 26 - 24. Let s(w) = -2*w**x + 3*w**2 - 7*w - 2 + 2. Let o(n) = -n**2 - 17*n - 24. Let b be o(-15). Determine s(b).
-6
Suppose 169*d - 159*d = 180. Let j(y) = -y**3 + 19*y**2 - 19*y + 5. What is j(d)?
-13
Let j(c) be the second derivative of -5*c**3/3 + 107*c**2/2 + c - 1421. Determine j(11).
-3
Let h(a) = a**2 + 15*a + 61. Let m be 1/(-11) - 3430/385. What is h(m)?
7
Let a(m) = 68*m + 622. Let g(p) = -23*p - 219. Let x(u) = 6*a(u) + 17*g(u). Give x(6).
111
Let m(h) = -22*h. Let c be m(-6). Let q(r) = -3*r**2 + 94*r + 278. Let z be q(34). Let v be -2*2/z - c/18. Let n(w) = -w - 3. What is n(v)?
5
Let a(b) = 10154*b**3 + 7*b**2 - b - 4*b**2 - 10153*b**3 - 5 + 9. Let c = 3 + -6. Calculate a(c).
7
Let d(k) = -2*k**3 - 22*k**2 + 3*k + 31. Suppose 0 = -4*n - 16, 239*p - 238*p + 23 = -3*n. Give d(p).
-2
Suppose 689*o - 6 = 4*o - 6. Let b(m) be the third derivative of 0*m + 1/24*m**4 - 7/120*m**6 - 10*m**2 + o*m**5 + 0 + 0*m**3. Determine b(-1).
6
Let k(a) = -a**2 - 22*a - 107. Suppose 29*n + 14*n + 434 = 12*n. Give k(n).
5
Let q(d) = d**3 + 4*d**2 + 2*d + 11. Let j(p) be the second derivative of -p**4/4 + 8*p**3/3 + 4*p**2 - 7*p + 5. Let b be j(6). Give q(b).
3
Let y(v) be the second derivative of v**4/12 - 2*v**3 + v**2/2 + 36*v. Let j(s) = -27*s - 46. Let n be j(-2). Give y(n).
-31
Suppose -1 = -3*l + 2*y, -l + 2*y - 3 + 2 = 0. Let j be ((-1)/(-3))/(l/111). Suppose 7*m - 5 = j. Let z(g) = -g**2 + 9*g + 1. What is z(m)?
19
Suppose 22*l + 3 = -41. Let d(b) = -3*b**3 - 12*b**2 - 12*b - 7. Let q(y) = -16*y**3 - 59*y**2 - 60*y - 35. Let k(v) = l*q(v) + 11*d(v). What is k(-13)?
-20
Let s = -246 - -239. Let h(y) = -4*y - 3. Let o(r) = r - 2. Let i(w) = -h(w) - 3*o(w). Determine i(s).
2
Let t(q) = -5 - 5 + 24 - 3 - 2*q - 2. Let d = 4 - -2. Determine t(d).
-3
Let t(v) = -3*v**2 + 3*v - 1. Let d = 51 - -48. Suppose -5*a + 111 = -d. Let r = 44 - a. What is t(r)?
-7
Let i(k) be the third derivative of k**5/60 - k**4/12 + 2*k**3/3 - 2048*k**2. Let u = -36 - 24. Let x be u/(-35)*(-21)/(-6). What is i(x)?
28
Suppose 4*o + 3*h = -9, o - 27*h - 3 = -26*h. Let w(u) be the second derivative of -u**2 - 5/12*u**4 + 20*u - 2/3*u**3 + o. Give w(-2).
-14
Let y(i) = -3*i**2 - 1. Let a be 0 + (-7)/(-7) + (1 - -1). Suppose 0 = 4*j + 3*u - 7, -4*j + 10 = -a*u + 9. Determine y(j).
-4
Let h(i) be the second derivative of -i**4/6 + i**3/6 + i**2 - 3*i. Suppose -23 = 42*r + 61. Determine h(r).
-8
Let n(r) = -r**3 - 5*r**2 - 2*r + 4. Let g = -229 + 221. Let z be 1 - (-6)/g - (-117)/(-36). Determine n(z).
-8
Suppose 23*u - 181 = 72. Let a(y) = 8*y**2 + 23*y + 2. Let w(k) = -3*k**2 - 8*k - 1. Let h(q) = u*w(q) + 4*a(q). Give h(5).
-8
Let d(h) be the second derivative of 3*h**3/2 - 19*h**2/2 + 322*h. Let y(c) = 16*c - 36. Let w(n) = 11*d(n) - 6*y(n). Determine w(-6).
-11
Let h(j) = -4*j**3 + j. Let b = -463 - -448. Let w(q) = -q**2 - 15*q - 1. Let l be w(b). Calculate h(l).
3
Let r(y) be the second derivative of -y**3/6 - 2*y. Let l(v) = -3*v. Let g(i) = 2*l(i) - 5*r(i). Let w be (24/72)/(4 - 282/72). Give g(w).
-4
Let g(k) = -8*k - 117*k**2 + 12 + 118*k**2 - 2. Determine g(7).
3
Let r(g) = -g - 20. Suppose -117*j + 19*j - 1568 = 0. Calculate r(j).
-4
Let z be 14/14*(2/1 + -3). Let i(b) = 23*b**3 + 9*b**2 + 9*b + 7. Let x(l) = -34*l**3 - 14*l**2 - 14*l - 11. Let o(d) = -8*i(d) - 5*x(d). Calculate o(z).
13
Let p = 74 - 56. Let r = 19 - p. Let n(h) = 6*h - r - 142*h**2 - 9 + 0 + 143*h**2. Give n(-8).
6
Suppose 4*j + 4*z = 36, 4*z - 21 = -j - 0. Suppose 3*o + 165 = j*c + 5*o, 5*o = -25. Suppose -5 + c = -5*d. Let i(q) = -q**3 - 6*q**2 - 3*q - 2. What is i(d)?
16
Let f = 3 + 5. Let m be (f - 2)/(12/8). Let l(w) = -22*w**3 - 15*w**2 + 12*w + 13. Let z(a) = 5*a**3 + 3*a**2 - 3*a - 3. Let u(x) = -2*l(x) - 9*z(x). Give u(m).
-3
Suppose 19*r = -21*r + 2*r - 456. Let q(l) = l**3 + 12*l**2 - 4*l - 17. Give q(r).
31
Let s(y) = y**2 - 8*y + 12. Suppose -2*j + 114 = 4*u, 0 = 55*j - 51*j - 12. Let p be 2/(-2 + 72/38). Let q = u + p. Determine s(q).
12
Let u(k) be the first derivative of -k**3/3 + 6*k**2 - 10*k + 4. Let i be -2 + (-1504)/(-160) + (-9)/(-15). Calculate u(i).
22
Let q(f) = -f**3 + 3*f**2 + 6*f - 6. Suppose 3*c + 3 = 6, -2*n + c = 35. Let m(l) = 21 + 11921*l - 23842*l + 11922*l. Let t be m(n). What is q(t)?
2
Let i(t) = 16*t + 21. Let a(d) = 3*d + 4. Let f be 33*1/(-3)*1. Let q(g) = f*a(g) + 2*i(g). Let j(w) = w**3 - 10*w**2 + w - 8. Let o be j(10). What is q(o)?
-4
Let b(p) = -17*p + 17. Let d(c) = 45*c - 51. Let i(y) = 8*b(y) + 3*d(y). What is i(0)?
-17
Let k(n) = n**2 - n. Let v(y) = 0 + 4 + y**3 - y - 4*y**2 - y. Let w(z) = -3*k(z) - v(z). Let b be (5/(-25)*9)/(6/(-10)). Calculate w(b).
-7
Let m(t) = -t**3 - 9*t**2 - 9*t + 11. Let h(f) = -5*f**2 - 182*f - 42. Let b be h(-36). Let s = b - 38. What is m(s)?
19
Let j(a) = -2*a**2 + 32*a + 27*a - 3*a**3 - 68*a + 8*a**2 + 6*a. Calculate j(2).
-6
Let u(l) = l**2 + 11*l + 11. Let d be (-1)/(18/1497) - 1/(-6). Let p = d + 74. Calculate u(p).
-7
Let w(c) = -8*c - 21. Let n be w(-3). Let q(b) = 46*b**n + 0 - 47*b**3 - 1 - 4*b**2. Calculate q(-3).
-10
Let j be (49/35)/(3/(-15)). Let t(x) = 6*x**2 + 7*x + 1. Let n(w) = 7*w**2 + 7*w + 1. Let m(g) = -5*n(g) + 6*t(g). What is m(j)?
1
Let u(n) be the third derivative of 0 + 0*n**4 + 0*n - 7/60*n**5 + 4/3*n**3 + 1/120*n**6 - 243*n**2. Determine u(7).
8
Suppose -14 = 9*u - 11*u. Let p be 24/2 + -3 - (u - 5). Suppose -5*q - 3*s - 7 = p, -5*q + 1 = -2*s. Let i(c) = 4*c. Determine i(q).
-4
Let l(r) = -4*r + 4 + 0*r**3 - 29 + r**3 - 6*r**2. Let h be l(7). Let m(z) = 2*z**2 + 3*z - 3. Give m(h).
17
Let u(h) = -9*h - 3. Let q(o) = 13*o + 4. Let f(p) = 5*q(p) + 7*u(p). Let s be (-125)/(-375)*(0 - -9). Let b(w) = w - 1. Let g(m) = s*f(m) - 5*b(m). Give g(-6).
-4
Let s(c) = c**3 -